{"id":155,"date":"2021-02-21T23:40:18","date_gmt":"2021-02-21T23:40:18","guid":{"rendered":"http:\/\/sentimientodemexico.com\/?page_id=155"},"modified":"2023-10-24T19:59:29","modified_gmt":"2023-10-24T19:59:29","slug":"fotos","status":"publish","type":"page","link":"https:\/\/sentimientodemexico.com\/index.php\/fotos\/","title":{"rendered":"FOTOS"},"content":{"rendered":"\n<div class=\"wp-block-cover\" style=\"min-height:299px;aspect-ratio:unset;\"><span aria-hidden=\"true\" class=\"wp-block-cover__background has-background-dim\"><\/span><img loading=\"lazy\" decoding=\"async\" width=\"1024\" height=\"680\" class=\"wp-block-cover__image-background wp-image-490\" alt=\"\" src=\"http:\/\/sentimientodemexico.com\/wp-content\/uploads\/2022\/08\/DSC04112-1024x680.jpg\" data-object-fit=\"cover\" srcset=\"https:\/\/sentimientodemexico.com\/wp-content\/uploads\/2022\/08\/DSC04112-1024x680.jpg 1024w, https:\/\/sentimientodemexico.com\/wp-content\/uploads\/2022\/08\/DSC04112-300x199.jpg 300w, https:\/\/sentimientodemexico.com\/wp-content\/uploads\/2022\/08\/DSC04112-768x510.jpg 768w, https:\/\/sentimientodemexico.com\/wp-content\/uploads\/2022\/08\/DSC04112-1536x1021.jpg 1536w, https:\/\/sentimientodemexico.com\/wp-content\/uploads\/2022\/08\/DSC04112-2048x1361.jpg 2048w, https:\/\/sentimientodemexico.com\/wp-content\/uploads\/2022\/08\/DSC04112-1568x1042.jpg 1568w\" sizes=\"auto, (max-width: 1024px) 100vw, 1024px\" \/><div class=\"wp-block-cover__inner-container is-layout-flow wp-block-cover-is-layout-flow\">\n<p><\/p>\n\n\n\n<p><\/p>\n\n\n\n<p><\/p>\n\n\n\n<p class=\"has-text-align-center\" style=\"font-style:italic;font-weight:400\">Contamos con variedad de Grupos de todos los tama\u00f1os, tradicionales, arpa, acorde\u00f3n, audio b\u00e1sico, Mixto, Varonil, Femenil, Cristiano y Juvenil.<\/p>\n<\/div><\/div>\n\n\n\n<figure class=\"wp-block-gallery alignwide has-nested-images columns-default is-cropped wp-block-gallery-1 is-layout-flex wp-block-gallery-is-layout-flex\">\n<figure class=\"wp-block-image size-large\"><img loading=\"lazy\" decoding=\"async\" width=\"1024\" height=\"576\" data-id=\"492\" src=\"https:\/\/sentimientodemexico.com\/wp-content\/uploads\/2022\/08\/DJI_0075-1024x576.jpg\" alt=\"\" class=\"wp-image-492\" srcset=\"https:\/\/sentimientodemexico.com\/wp-content\/uploads\/2022\/08\/DJI_0075-1024x576.jpg 1024w, https:\/\/sentimientodemexico.com\/wp-content\/uploads\/2022\/08\/DJI_0075-300x169.jpg 300w, https:\/\/sentimientodemexico.com\/wp-content\/uploads\/2022\/08\/DJI_0075-768x432.jpg 768w, https:\/\/sentimientodemexico.com\/wp-content\/uploads\/2022\/08\/DJI_0075-1536x864.jpg 1536w, https:\/\/sentimientodemexico.com\/wp-content\/uploads\/2022\/08\/DJI_0075-2048x1152.jpg 2048w, https:\/\/sentimientodemexico.com\/wp-content\/uploads\/2022\/08\/DJI_0075-1568x882.jpg 1568w\" sizes=\"auto, (max-width: 1024px) 100vw, 1024px\" \/><figcaption class=\"wp-element-caption\">Mariachi Monumental<\/figcaption><\/figure>\n\n\n\n<figure class=\"wp-block-image size-large\"><img loading=\"lazy\" decoding=\"async\" width=\"960\" height=\"823\" data-id=\"166\" src=\"http:\/\/sentimientodemexico.com\/wp-content\/uploads\/2021\/02\/69703792_725041987950094_7854369043958988800_o-1.jpg\" alt=\"\" class=\"wp-image-166\" srcset=\"https:\/\/sentimientodemexico.com\/wp-content\/uploads\/2021\/02\/69703792_725041987950094_7854369043958988800_o-1.jpg 960w, https:\/\/sentimientodemexico.com\/wp-content\/uploads\/2021\/02\/69703792_725041987950094_7854369043958988800_o-1-300x257.jpg 300w, https:\/\/sentimientodemexico.com\/wp-content\/uploads\/2021\/02\/69703792_725041987950094_7854369043958988800_o-1-768x658.jpg 768w\" sizes=\"auto, (max-width: 960px) 100vw, 960px\" \/><figcaption class=\"wp-element-caption\">Mariachis en Jalisco<\/figcaption><\/figure>\n\n\n\n<figure class=\"wp-block-image size-large\"><img loading=\"lazy\" decoding=\"async\" width=\"720\" height=\"540\" data-id=\"167\" src=\"http:\/\/sentimientodemexico.com\/wp-content\/uploads\/2021\/02\/FB_IMG_1613763836250.jpg\" alt=\"\" class=\"wp-image-167\" srcset=\"https:\/\/sentimientodemexico.com\/wp-content\/uploads\/2021\/02\/FB_IMG_1613763836250.jpg 720w, https:\/\/sentimientodemexico.com\/wp-content\/uploads\/2021\/02\/FB_IMG_1613763836250-300x225.jpg 300w\" sizes=\"auto, (max-width: 720px) 100vw, 720px\" \/><figcaption class=\"wp-element-caption\">Mariachis M\u00e9xico<\/figcaption><\/figure>\n\n\n\n<figure class=\"wp-block-image size-large\"><img loading=\"lazy\" decoding=\"async\" width=\"768\" height=\"1024\" data-id=\"168\" src=\"http:\/\/sentimientodemexico.com\/wp-content\/uploads\/2021\/02\/IMG-20181217-WA0001-768x1024.jpg\" alt=\"\" class=\"wp-image-168\" srcset=\"https:\/\/sentimientodemexico.com\/wp-content\/uploads\/2021\/02\/IMG-20181217-WA0001-768x1024.jpg 768w, https:\/\/sentimientodemexico.com\/wp-content\/uploads\/2021\/02\/IMG-20181217-WA0001-225x300.jpg 225w, https:\/\/sentimientodemexico.com\/wp-content\/uploads\/2021\/02\/IMG-20181217-WA0001.jpg 780w\" sizes=\"auto, (max-width: 768px) 100vw, 768px\" \/><figcaption class=\"wp-element-caption\">Mariachi Econ\u00f3mico<\/figcaption><\/figure>\n\n\n\n<figure class=\"wp-block-image size-large\"><img loading=\"lazy\" decoding=\"async\" width=\"540\" height=\"540\" data-id=\"169\" src=\"http:\/\/sentimientodemexico.com\/wp-content\/uploads\/2021\/02\/IMG-20190322-WA0011.jpg\" alt=\"\" class=\"wp-image-169\" srcset=\"https:\/\/sentimientodemexico.com\/wp-content\/uploads\/2021\/02\/IMG-20190322-WA0011.jpg 540w, https:\/\/sentimientodemexico.com\/wp-content\/uploads\/2021\/02\/IMG-20190322-WA0011-300x300.jpg 300w, https:\/\/sentimientodemexico.com\/wp-content\/uploads\/2021\/02\/IMG-20190322-WA0011-150x150.jpg 150w\" sizes=\"auto, (max-width: 540px) 100vw, 540px\" \/><figcaption class=\"wp-element-caption\">Mariachi Mixto<\/figcaption><\/figure>\n\n\n\n<figure class=\"wp-block-image size-large\"><img loading=\"lazy\" decoding=\"async\" width=\"1024\" height=\"576\" data-id=\"173\" src=\"http:\/\/sentimientodemexico.com\/wp-content\/uploads\/2021\/02\/IMG-20191217-WA0000-1024x576.jpg\" alt=\"\" class=\"wp-image-173\" srcset=\"https:\/\/sentimientodemexico.com\/wp-content\/uploads\/2021\/02\/IMG-20191217-WA0000-1024x576.jpg 1024w, https:\/\/sentimientodemexico.com\/wp-content\/uploads\/2021\/02\/IMG-20191217-WA0000-300x169.jpg 300w, https:\/\/sentimientodemexico.com\/wp-content\/uploads\/2021\/02\/IMG-20191217-WA0000-768x432.jpg 768w, https:\/\/sentimientodemexico.com\/wp-content\/uploads\/2021\/02\/IMG-20191217-WA0000.jpg 1280w\" sizes=\"auto, (max-width: 1024px) 100vw, 1024px\" \/><figcaption class=\"wp-element-caption\">Mariachi Mediano<\/figcaption><\/figure>\n\n\n\n<figure class=\"wp-block-image size-large\"><img loading=\"lazy\" decoding=\"async\" width=\"720\" height=\"689\" data-id=\"174\" src=\"http:\/\/sentimientodemexico.com\/wp-content\/uploads\/2021\/02\/IMG-20200309-WA0002.jpg\" alt=\"\" class=\"wp-image-174\" srcset=\"https:\/\/sentimientodemexico.com\/wp-content\/uploads\/2021\/02\/IMG-20200309-WA0002.jpg 720w, https:\/\/sentimientodemexico.com\/wp-content\/uploads\/2021\/02\/IMG-20200309-WA0002-300x287.jpg 300w\" sizes=\"auto, (max-width: 720px) 100vw, 720px\" \/><figcaption class=\"wp-element-caption\">Mariachi Econ\u00f3mico<\/figcaption><\/figure>\n\n\n\n<figure class=\"wp-block-image size-large\"><img decoding=\"async\" data-id=\"176\" src=\"http:\/\/sentimientodemexico.com\/wp-content\/uploads\/2021\/02\/IMG-20201206-WA0023.jpg\" alt=\"\" class=\"wp-image-176\"\/><figcaption class=\"wp-element-caption\">Mariachi Monumental<\/figcaption><\/figure>\n\n\n\n<figure class=\"wp-block-image size-large\"><img loading=\"lazy\" decoding=\"async\" width=\"511\" height=\"345\" data-id=\"178\" src=\"http:\/\/sentimientodemexico.com\/wp-content\/uploads\/2021\/02\/3.jpg\" alt=\"\" class=\"wp-image-178\" srcset=\"https:\/\/sentimientodemexico.com\/wp-content\/uploads\/2021\/02\/3.jpg 511w, https:\/\/sentimientodemexico.com\/wp-content\/uploads\/2021\/02\/3-300x203.jpg 300w\" sizes=\"auto, (max-width: 511px) 100vw, 511px\" \/><figcaption class=\"wp-element-caption\">Mariachi Cristiano<\/figcaption><\/figure>\n\n\n\n<figure class=\"wp-block-image size-large\"><img loading=\"lazy\" decoding=\"async\" width=\"1024\" height=\"768\" data-id=\"181\" src=\"http:\/\/sentimientodemexico.com\/wp-content\/uploads\/2021\/02\/IMG-20191212-WA0025-1024x768.jpg\" alt=\"\" class=\"wp-image-181\" srcset=\"https:\/\/sentimientodemexico.com\/wp-content\/uploads\/2021\/02\/IMG-20191212-WA0025-1024x768.jpg 1024w, https:\/\/sentimientodemexico.com\/wp-content\/uploads\/2021\/02\/IMG-20191212-WA0025-300x225.jpg 300w, https:\/\/sentimientodemexico.com\/wp-content\/uploads\/2021\/02\/IMG-20191212-WA0025-768x576.jpg 768w, https:\/\/sentimientodemexico.com\/wp-content\/uploads\/2021\/02\/IMG-20191212-WA0025.jpg 1408w\" sizes=\"auto, (max-width: 1024px) 100vw, 1024px\" \/><figcaption class=\"wp-element-caption\">Mariachi Monumental Mixto<\/figcaption><\/figure>\n\n\n\n<figure class=\"wp-block-image size-large\"><img loading=\"lazy\" decoding=\"async\" width=\"1024\" height=\"683\" data-id=\"182\" src=\"http:\/\/sentimientodemexico.com\/wp-content\/uploads\/2021\/02\/IMG-20201215-WA0008-1024x683.jpg\" alt=\"\" class=\"wp-image-182\" srcset=\"https:\/\/sentimientodemexico.com\/wp-content\/uploads\/2021\/02\/IMG-20201215-WA0008-1024x683.jpg 1024w, https:\/\/sentimientodemexico.com\/wp-content\/uploads\/2021\/02\/IMG-20201215-WA0008-300x200.jpg 300w, https:\/\/sentimientodemexico.com\/wp-content\/uploads\/2021\/02\/IMG-20201215-WA0008-768x512.jpg 768w, https:\/\/sentimientodemexico.com\/wp-content\/uploads\/2021\/02\/IMG-20201215-WA0008.jpg 1080w\" sizes=\"auto, (max-width: 1024px) 100vw, 1024px\" \/><figcaption class=\"wp-element-caption\">Mariachi Arpa Grande<\/figcaption><\/figure>\n\n\n\n<figure class=\"wp-block-image size-large\"><img loading=\"lazy\" decoding=\"async\" width=\"960\" height=\"540\" data-id=\"184\" src=\"http:\/\/sentimientodemexico.com\/wp-content\/uploads\/2021\/02\/IMG-20201215-WA0012.jpg\" alt=\"\" class=\"wp-image-184\" srcset=\"https:\/\/sentimientodemexico.com\/wp-content\/uploads\/2021\/02\/IMG-20201215-WA0012.jpg 960w, https:\/\/sentimientodemexico.com\/wp-content\/uploads\/2021\/02\/IMG-20201215-WA0012-300x169.jpg 300w, https:\/\/sentimientodemexico.com\/wp-content\/uploads\/2021\/02\/IMG-20201215-WA0012-768x432.jpg 768w\" sizes=\"auto, (max-width: 960px) 100vw, 960px\" \/><figcaption class=\"wp-element-caption\">Mariachi Arpa Grande<\/figcaption><\/figure>\n\n\n\n<figure class=\"wp-block-image size-large\"><img loading=\"lazy\" decoding=\"async\" width=\"720\" height=\"720\" data-id=\"185\" src=\"http:\/\/sentimientodemexico.com\/wp-content\/uploads\/2021\/02\/IMG-20201206-WA0014.jpg\" alt=\"\" class=\"wp-image-185\" srcset=\"https:\/\/sentimientodemexico.com\/wp-content\/uploads\/2021\/02\/IMG-20201206-WA0014.jpg 720w, https:\/\/sentimientodemexico.com\/wp-content\/uploads\/2021\/02\/IMG-20201206-WA0014-300x300.jpg 300w, https:\/\/sentimientodemexico.com\/wp-content\/uploads\/2021\/02\/IMG-20201206-WA0014-150x150.jpg 150w\" sizes=\"auto, (max-width: 720px) 100vw, 720px\" \/><figcaption class=\"wp-element-caption\">Mariachi Arpa Grande<\/figcaption><\/figure>\n\n\n\n<figure class=\"wp-block-image size-large\"><img loading=\"lazy\" decoding=\"async\" width=\"1024\" height=\"498\" data-id=\"188\" src=\"http:\/\/sentimientodemexico.com\/wp-content\/uploads\/2021\/02\/IMG-20201206-WA0018-1024x498.jpg\" alt=\"\" class=\"wp-image-188\" srcset=\"https:\/\/sentimientodemexico.com\/wp-content\/uploads\/2021\/02\/IMG-20201206-WA0018-1024x498.jpg 1024w, https:\/\/sentimientodemexico.com\/wp-content\/uploads\/2021\/02\/IMG-20201206-WA0018-300x146.jpg 300w, https:\/\/sentimientodemexico.com\/wp-content\/uploads\/2021\/02\/IMG-20201206-WA0018-768x373.jpg 768w, https:\/\/sentimientodemexico.com\/wp-content\/uploads\/2021\/02\/IMG-20201206-WA0018.jpg 1080w\" sizes=\"auto, (max-width: 1024px) 100vw, 1024px\" \/><figcaption class=\"wp-element-caption\">Mariachis en Jalisco<\/figcaption><\/figure>\n\n\n\n<figure class=\"wp-block-image size-large\"><img loading=\"lazy\" decoding=\"async\" width=\"960\" height=\"720\" data-id=\"175\" src=\"http:\/\/sentimientodemexico.com\/wp-content\/uploads\/2021\/02\/IMG-20201206-WA0020.jpg\" alt=\"\" class=\"wp-image-175\" srcset=\"https:\/\/sentimientodemexico.com\/wp-content\/uploads\/2021\/02\/IMG-20201206-WA0020.jpg 960w, https:\/\/sentimientodemexico.com\/wp-content\/uploads\/2021\/02\/IMG-20201206-WA0020-300x225.jpg 300w, https:\/\/sentimientodemexico.com\/wp-content\/uploads\/2021\/02\/IMG-20201206-WA0020-768x576.jpg 768w\" sizes=\"auto, (max-width: 960px) 100vw, 960px\" \/><figcaption class=\"wp-element-caption\">Mariachi Monumental<\/figcaption><\/figure>\n\n\n\n<figure class=\"wp-block-image size-large\"><img loading=\"lazy\" decoding=\"async\" width=\"1024\" height=\"768\" data-id=\"198\" src=\"http:\/\/sentimientodemexico.com\/wp-content\/uploads\/2021\/02\/21551984_464839933915292_60528096625256671_o-1024x768.jpg\" alt=\"\" class=\"wp-image-198\" srcset=\"https:\/\/sentimientodemexico.com\/wp-content\/uploads\/2021\/02\/21551984_464839933915292_60528096625256671_o-1024x768.jpg 1024w, https:\/\/sentimientodemexico.com\/wp-content\/uploads\/2021\/02\/21551984_464839933915292_60528096625256671_o-300x225.jpg 300w, https:\/\/sentimientodemexico.com\/wp-content\/uploads\/2021\/02\/21551984_464839933915292_60528096625256671_o-768x576.jpg 768w, https:\/\/sentimientodemexico.com\/wp-content\/uploads\/2021\/02\/21551984_464839933915292_60528096625256671_o.jpg 1440w\" sizes=\"auto, (max-width: 1024px) 100vw, 1024px\" \/><figcaption class=\"wp-element-caption\">Mariachis en Jalisco<\/figcaption><\/figure>\n\n\n\n<figure class=\"wp-block-image size-large\"><img loading=\"lazy\" decoding=\"async\" width=\"720\" height=\"720\" data-id=\"199\" src=\"http:\/\/sentimientodemexico.com\/wp-content\/uploads\/2021\/02\/17426093_374585812940705_4723853730266857485_n.jpg\" alt=\"\" class=\"wp-image-199\" srcset=\"https:\/\/sentimientodemexico.com\/wp-content\/uploads\/2021\/02\/17426093_374585812940705_4723853730266857485_n.jpg 720w, https:\/\/sentimientodemexico.com\/wp-content\/uploads\/2021\/02\/17426093_374585812940705_4723853730266857485_n-300x300.jpg 300w, https:\/\/sentimientodemexico.com\/wp-content\/uploads\/2021\/02\/17426093_374585812940705_4723853730266857485_n-150x150.jpg 150w\" sizes=\"auto, (max-width: 720px) 100vw, 720px\" \/><figcaption class=\"wp-element-caption\">Mariachis en Jalisco<\/figcaption><\/figure>\n\n\n\n<figure class=\"wp-block-image size-large\"><img loading=\"lazy\" decoding=\"async\" width=\"960\" height=\"960\" data-id=\"200\" src=\"http:\/\/sentimientodemexico.com\/wp-content\/uploads\/2021\/02\/44937845_547696615684633_3645640344755765248_n.jpg\" alt=\"\" class=\"wp-image-200\" srcset=\"https:\/\/sentimientodemexico.com\/wp-content\/uploads\/2021\/02\/44937845_547696615684633_3645640344755765248_n.jpg 960w, https:\/\/sentimientodemexico.com\/wp-content\/uploads\/2021\/02\/44937845_547696615684633_3645640344755765248_n-300x300.jpg 300w, https:\/\/sentimientodemexico.com\/wp-content\/uploads\/2021\/02\/44937845_547696615684633_3645640344755765248_n-150x150.jpg 150w, https:\/\/sentimientodemexico.com\/wp-content\/uploads\/2021\/02\/44937845_547696615684633_3645640344755765248_n-768x768.jpg 768w\" sizes=\"auto, (max-width: 960px) 100vw, 960px\" \/><figcaption class=\"wp-element-caption\">Mariachis en Jalisco<\/figcaption><\/figure>\n\n\n\n<figure class=\"wp-block-image size-large\"><img loading=\"lazy\" decoding=\"async\" width=\"1024\" height=\"768\" data-id=\"330\" src=\"https:\/\/sentimientodemexico.com\/wp-content\/uploads\/2021\/02\/E3-1024x768.jpeg\" alt=\"\" class=\"wp-image-330\" srcset=\"https:\/\/sentimientodemexico.com\/wp-content\/uploads\/2021\/02\/E3-1024x768.jpeg 1024w, https:\/\/sentimientodemexico.com\/wp-content\/uploads\/2021\/02\/E3-300x225.jpeg 300w, https:\/\/sentimientodemexico.com\/wp-content\/uploads\/2021\/02\/E3-768x576.jpeg 768w, https:\/\/sentimientodemexico.com\/wp-content\/uploads\/2021\/02\/E3.jpeg 1280w\" sizes=\"auto, (max-width: 1024px) 100vw, 1024px\" \/><figcaption class=\"wp-element-caption\">Mariachi completo<\/figcaption><\/figure>\n\n\n\n<figure class=\"wp-block-image size-large\"><img loading=\"lazy\" decoding=\"async\" width=\"1024\" height=\"576\" data-id=\"331\" src=\"https:\/\/sentimientodemexico.com\/wp-content\/uploads\/2021\/02\/E2-1024x576.jpeg\" alt=\"\" class=\"wp-image-331\" srcset=\"https:\/\/sentimientodemexico.com\/wp-content\/uploads\/2021\/02\/E2-1024x576.jpeg 1024w, https:\/\/sentimientodemexico.com\/wp-content\/uploads\/2021\/02\/E2-300x169.jpeg 300w, https:\/\/sentimientodemexico.com\/wp-content\/uploads\/2021\/02\/E2-768x432.jpeg 768w, https:\/\/sentimientodemexico.com\/wp-content\/uploads\/2021\/02\/E2.jpeg 1040w\" sizes=\"auto, (max-width: 1024px) 100vw, 1024px\" \/><figcaption class=\"wp-element-caption\">Mariachi Monumental<\/figcaption><\/figure>\n\n\n\n<figure class=\"wp-block-image size-large\"><img loading=\"lazy\" decoding=\"async\" width=\"640\" height=\"640\" data-id=\"332\" src=\"https:\/\/sentimientodemexico.com\/wp-content\/uploads\/2021\/02\/E.jpeg\" alt=\"\" class=\"wp-image-332\" srcset=\"https:\/\/sentimientodemexico.com\/wp-content\/uploads\/2021\/02\/E.jpeg 640w, https:\/\/sentimientodemexico.com\/wp-content\/uploads\/2021\/02\/E-300x300.jpeg 300w, https:\/\/sentimientodemexico.com\/wp-content\/uploads\/2021\/02\/E-150x150.jpeg 150w, https:\/\/sentimientodemexico.com\/wp-content\/uploads\/2021\/02\/E-50x50.jpeg 50w\" sizes=\"auto, (max-width: 640px) 100vw, 640px\" \/><figcaption class=\"wp-element-caption\">Mariachi B\u00e1sico<\/figcaption><\/figure>\n<\/figure>\n\n\n\n<p><\/p>\n","protected":false},"excerpt":{"rendered":"","protected":false},"author":1,"featured_media":0,"parent":0,"menu_order":0,"comment_status":"closed","ping_status":"closed","template":"","meta":{"_joinchat":[],"footnotes":""},"class_list":["post-155","page","type-page","status-publish","hentry","entry"],"jetpack_sharing_enabled":true,"_links":{"self":[{"href":"https:\/\/sentimientodemexico.com\/index.php\/wp-json\/wp\/v2\/pages\/155","targetHints":{"allow":["GET"]}}],"collection":[{"href":"https:\/\/sentimientodemexico.com\/index.php\/wp-json\/wp\/v2\/pages"}],"about":[{"href":"https:\/\/sentimientodemexico.com\/index.php\/wp-json\/wp\/v2\/types\/page"}],"author":[{"embeddable":true,"href":"https:\/\/sentimientodemexico.com\/index.php\/wp-json\/wp\/v2\/users\/1"}],"replies":[{"embeddable":true,"href":"https:\/\/sentimientodemexico.com\/index.php\/wp-json\/wp\/v2\/comments?post=155"}],"version-history":[{"count":7,"href":"https:\/\/sentimientodemexico.com\/index.php\/wp-json\/wp\/v2\/pages\/155\/revisions"}],"predecessor-version":[{"id":1116,"href":"https:\/\/sentimientodemexico.com\/index.php\/wp-json\/wp\/v2\/pages\/155\/revisions\/1116"}],"wp:attachment":[{"href":"https:\/\/sentimientodemexico.com\/index.php\/wp-json\/wp\/v2\/media?parent=155"}],"curies":[{"name":"wp","href":"https:\/\/api.w.org\/{rel}","templated":true}]}}